2 + 105*y - 1267. Give j(14).
7
Let m(v) = v**3 + 11*v**2 + 57*v + 347. Determine m(-9).
-4
Let r(b) = -21*b - 149. Calculate r(-6).
-23
Let n(l) = l**3 - 5*l**2 + 12*l - 9. What is n(4)?
23
Let v(m) = -7*m**3 + 57*m**2 - 25*m + 110. Determine v(8).
-26
Let q(m) = 33*m + 189. Determine q(-9).
-108
Let w(j) = -j**3 - 27*j**2 - 184*j - 22. Calculate w(-14).
6
Let z(h) = -3*h**2 - 65*h - 183. Calculate z(-18).
15
Let o(a) = -a**2 + 57*a - 165. Calculate o(46).
341
Let m(t) = -3*t**3 - 150*t**2 - 15*t - 760. What is m(-50)?
-10
Let t(g) = -g**3 + 124*g**2 - 160*g + 4542. Calculate t(123).
-9
Let l(o) = -2*o**2 + 10*o - 33. Calculate l(6).
-45
Let p(u) = 6*u**3 + 24*u**2 + 61*u - 7. Determine p(-3).
-136
Let x(v) = 207*v + 33. Determine x(1).
240
Let r(j) = 52*j + 551. Determine r(-12).
-73
Let o(x) = x**3 - 51*x**2 - 165*x + 130. Calculate o(54).
-32
Let j(l) = -l**2 + 58*l + 382. Give j(-6).
-2
Let n(g) = g**3 + 54*g**2 + 3*g + 161. Give n(-54).
-1
Let g(c) = -c**3 - 22*c**2 - 23*c - 52. What is g(-21)?
-10
Let y(w) = -1521*w - 10669. What is y(-7)?
-22
Let t(j) = 2*j**3 - 74*j**2 + j - 44. What is t(37)?
-7
Let t(f) = -15*f**2 + 2*f - 1. Give t(2).
-57
Let b(m) = -m**2 + 66*m - 1079. Determine b(31).
6
Let m(q) = -q**3 - 16*q**2 - 60*q - 1. What is m(-10)?
-1
Let y(o) = o**2 - 17*o + 7. Give y(12).
-53
Let x(i) = 8*i**2 + 72*i - 24. What is x(-10)?
56
Let r(s) = 103*s - 3296. What is r(32)?
0
Let j(l) = -5*l + 60. Determine j(-3).
75
Let d(u) = -32*u + 792. Calculate d(25).
-8
Let k(z) = -3*z**2 - 31*z - 43. Determine k(-11).
-65
Let j(v) = -11*v**3 - 229*v**2 + 46*v + 23. What is j(-21)?
-61
Let x(m) = 28*m + 2790. What is x(-100)?
-10
Let b(q) = 31*q + 39. Determine b(2).
101
Let l(g) = -g - 27. Give l(-35).
8
Let m(w) = -w**3 - 14*w**2 - 50*w - 23. What is m(-6)?
-11
Let g(z) = -4*z**2 + 12*z + 6. Determine g(4).
-10
Let n(x) = 34*x - 159. Give n(5).
11
Let y(z) = 61*z - 423. Calculate y(7).
4
Let i(u) = -8*u**2 + 22*u + 70. Give i(-2).
-6
Let c(w) = -30*w - 10. What is c(-1)?
20
Let p(w) = -w**3 + 37*w**2 - 38*w + 46. Determine p(36).
-26
Let f(z) = -2*z**2 + 25*z + 47. Give f(-2).
-11
Let m(h) = 99*h + 621. Give m(-6).
27
Let r(u) = -2*u**2 - 61*u + 3816. Determine r(31).
3
Let l(p) = -8*p**2 - 109*p - 98. Give l(-13).
-33
Let g(z) = 9*z + 384. Calculate g(-47).
-39
Let g(j) = 25*j**3 - 447*j**2 - 53*j - 30. Determine g(18).
-12
Let c(o) = o**3 + 24*o**2 + 59*o - 43. Calculate c(-21).
41
Let k(z) = -1276*z - 7661. Calculate k(-6).
-5
Let s(r) = 517*r + 2559. Calculate s(-5).
-26
Let f(i) = i**3 - 2*i**2 + 8*i + 18. Give f(-3).
-51
Let h(z) = 149*z - 433. Calculate h(3).
14
Let d(s) = 12*s**2 - 823*s - 321. Calculate d(69).
24
Let r(l) = -1090*l + 21794. Calculate r(20).
-6
Let h(v) = -17*v**3 - 135*v**2 + 201*v + 1549. Determine h(-8).
5
Let c(g) = g**2 + 40*g - 43. What is c(-20)?
-443
Let m(r) = 186*r - 1. Determine m(3).
557
Let c(r) = 13*r**2 + 9*r + 14. Determine c(-1).
18
Let d(b) = -7*b**3 + 9*b**2 - 35*b + 2. Give d(4).
-442
Let u(j) = 10*j**3 - 5*j**2 - 30*j - 24. Calculate u(-4).
-624
Let b(y) = 1417*y - 437854. Calculate b(309).
-1
Let k(x) = -x**2 + 19*x + 60. Determine k(-3).
-6
Let m(s) = -s**3 - 18*s**2 - 18*s - 332. Calculate m(-18).
-8
Let i(a) = -11*a**2 + 6*a + 8. Give i(-2).
-48
Let m(f) = f**3 + 19*f**2 - 3*f + 70. Calculate m(-19).
127
Let d(p) = 159*p - 5397. Determine d(34).
9
Let f(p) = 11*p**2 - 32*p + 30. Give f(1).
9
Let v(w) = 86*w - 1882. Determine v(16).
-506
Let s(y) = -y**3 - 20*y**2 - 97*y - 70. Determine s(-13).
8
Let k(i) = 78*i + 253. Calculate k(-8).
-371
Let k(m) = m**3 - 72*m**2 + 85*m + 3845. What is k(70)?
-5
Let v(d) = -d**3 + 15*d**2 + 47*d - 31. What is v(8)?
793
Let h(u) = 101*u**2 + 611*u + 36. Determine h(-6).
6
Let g(b) = 5*b**2 - 182*b - 58. Give g(37).
53
Let m(x) = -x**2 - 2*x + 3. What is m(-1)?
4
Let n(c) = 259*c - 6736. Calculate n(26).
-2
Let n(f) = -308*f - 2663. What is n(-9)?
109
Let z(n) = -n**3 + 28*n**2 + 6*n - 939. Calculate z(27).
-48
Let j(a) = -32*a + 62. Determine j(2).
-2
Let y(i) = -i**3 + 9*i**2 - 7*i - 30. Give y(5).
35
Let q(r) = -65*r**2 - 7*r - 9. What is q(-2)?
-255
Let s(u) = -64*u - 958. Calculate s(-14).
-62
Let a(o) = -o**2 + 54*o - 216. Determine a(4).
-16
Let s(o) = -o**2 + 100*o - 2197. Calculate s(35).
78
Let k(f) = -f**2 + 35*f - 217. What is k(7)?
-21
Let h(y) = 10*y**3 + 7*y**2 - 18*y + 6. Give h(2).
78
Let g(l) = -l**3 - 7*l**2 + 39*l + 39. What is g(-12)?
291
Let w(a) = 5*a**3 + 2*a**2 - 6*a + 1. What is w(-2)?
-19
Let y(j) = -2*j**2 + 54*j + 2. What is y(27)?
2
Let c(n) = -2*n**2 + 16*n + 34. What is c(10)?
-6
Let c(f) = -2*f**3 - 16*f**2 - 10*f + 14. Give c(-9).
266
Let w(v) = -v**3 - 17*v**2 + 64*v + 104. Determine w(4).
24
Let d(i) = -i**3 + 26*i**2 - 18*i - 717. What is d(24)?
3
Let v(a) = 153*a - 5805. Give v(39).
162
Let k(r) = 2*r**2 - 112*r + 317. Calculate k(3).
-1
Let n(i) = 7*i**2 + 90*i + 77. Determine n(-12).
5
Let o(h) = h**3 + 33*h**2 + 35*h + 85. What is o(-32)?
-11
Let g(y) = y**3 - 3*y**2 - 4*y - 1. What is g(8)?
287
Let d(w) = -w**3 + 30*w**2 - 28*w + 66. Determine d(29).
95
Let z(a) = 693*a - 9699. What is z(14)?
3
Let o(g) = -9*g**2 - 41*g + 336. Determine o(6).
-234
Let k(t) = -392*t**2 - 17*t + 19. Calculate k(1).
-390
Let h(o) = o**2 - 14*o - 55. Calculate h(21).
92
Let l(d) = 21*d**3 + 2836*d**2 + 132*d - 391. Calculate l(-135).
14
Let v(x) = x**3 - 7*x**2 - 10*x + 29. What is v(8)?
13
Let v(y) = -3*y**2 - 42*y + 82. Calculate v(2).
-14
Let k(b) = -b**3 - 137*b**2 + 710*b + 22. Calculate k(-142).
22
Let g(r) = -r**2 - 35*r + 331. What is g(-43)?
-13
Let f(m) = -m**3 + 5*m**2 + 19*m - 53. Calculate f(2).
-3
Let k(s) = -93*s - 3170. Determine k(-33).
-101
Let b(d) = d + 2. Give b(-17).
-15
Let x(y) = -4*y - 22. What is x(-18)?
50
Let u(b) = -b**2 + 93*b - 604. Determine u(7).
-2
Let q(k) = 64*k - 2737. Give q(43).
15
Let c(y) = y**2 + 1044*y + 220502. Determine c(-294).
2
Let a(i) = -i**2 - 2*i + 56. Give a(6).
8
Let y(n) = n**3 - 78*n**2 - 240*n - 413. Calculate y(81).
-170
Let c(v) = 39*v**2 + 434*v - 873. Give c(2).
151
Let d(n) = -45*n**2 - 8*n - 3. What is d(-1)?
-40
Let x(r) = -r**3 + r**2 - 35*r + 366. Calculate x(0).
366
Let i(h) = 30*h + 15. Determine i(-1).
-15
Let m(k) = -500*k + 1640. Give m(4).
-360
Let w(c) = -333*c + 4311. Determine w(13).
-18
Let z(i) = 164*i - 7894. Give z(47).
-186
Let z(v) = -53*v**2 + 11871*v + 234. What is z(224)?
10
Let t(g) = 25*g + 1. Give t(0).
1
Let p(q) = -16*q + 42. Give p(17).
-230
Let f(o) = o**3 + 16*o**2 - 18*o - 405. Determine f(-17).
-388
Let z(b) = b**2 + 63*b + 11. Determine z(-69).
425
Let l(h) = -3*h**2 + 74*h + 47. What is l(23)?
162
Let g(f) = 3*f**2 + 26*f - 596. What is g(-19)?
-7
Let h(l) = -l**3 + 16*l**2 + 79*l - 4. Calculate h(20).
-24
Let a(n) = n**3 + 58*n**2 - 1015*n - 45. Determine a(14).
-143
Let t(a) = 19*a**2 + 122*a - 74. Determine t(-7).
3
Let h(w) = 80*w - 6544. Determine h(79).
-224
Let s(a) = a**3 + 35*a**2 + a + 85. What is s(-35)?
50
Let b(q) = 3*q**2 + 136*q - 2118. Give b(12).
-54
Let g(d) = -3*d**3 - 3*d**2 - 51*d + 112. Determine g(2).
-26
Let d(l) = 353*l**2 + 20481*l + 405. Calculate d(-58).
-1
Let m(s) = -s**3 - 53*s**2 - 632*s - 22. Give m(-18).
14
Let i(m) = 813*m + 4448. Calculate i(-6).
-430
Let b(m) = -39*m - 265. What is b(-7)?
8
Let k(h) = -h**2 - 86*h - 1388. Calculate k(-21).
-23
Let p(i) = -6*i**2 - 680*i + 4047. What is p(-119)?
1
Let b(z) = 2*z**2 + 8*z - 61. Give b(-11).
93
Let f(m) = m**2 + 115*m - 26852. What is f(116)?
-56
Let y(w) = 6*w**2 + 362*w + 1478. Determine y(-4).
126
Let q(y) = -3552*y - 3529. Determine q(-1).
23
Let v(i) = 167*i + 2657. What is v(-16)?
-15
Let y(l) = -l**3 - 25*l**2 - 136*l - 181. What is y(-18)?
-1
Let g(l) = 218*l + 19199. Determine g(-88).
15
Let u(c) = c**2 + 14*c - 45. Give u(14).
347
Let n(z) = -3*z**2 + 128*z - 137. Calculate n(42).
-53
Let p(m) = -11*m + 604. Give p(26).
318
Let x(l) = 28*l**2 + 469*l + 1360. Determine x(-13).
-5
Let d(i) = -2*i**3 + 3*i**2 - 177*i + 353. Determine d(2).
-5
Let z(x) = -27*x + 291. Determine z(10).
21
Let x(m) = -214*m - 7275. Give x(-34).
1
Let d(g) = 3*g - 320. Determine d(53).
-161
Let o(q) = -q**3 - 17*q**2 - 20*q + 75. Give o(-8).
-341
Let c(x) = -91*x + 